{"id":61,"date":"2021-08-23T18:28:59","date_gmt":"2021-08-23T18:28:59","guid":{"rendered":"http:\/\/www.dkcjenerator.com\/?page_id=61"},"modified":"2022-02-12T13:23:37","modified_gmt":"2022-02-12T13:23:37","slug":"hakkimizda","status":"publish","type":"page","link":"https:\/\/www.dkcjenerator.com\/?page_id=61","title":{"rendered":"Hakk\u0131m\u0131zda"},"content":{"rendered":"\n<p><em>2012 Y\u0131l\u0131nda temelleri at\u0131lan firmam\u0131z jenerat\u00f6r imalat\u0131nda m\u00fc\u015fteri memnuniyetini \u00f6n planda tutarak yoluna emin ad\u0131mlarla devam etmektedir. Dizel Jenerat\u00f6r \u00fcretim, sat\u0131\u015f ve servisini yapan firmam\u0131z dinamik, tecr\u00fcbeli \u00fcretim kadrosu, konusunda uzman, iyi yeti\u015fmi\u015f sat\u0131\u015f ve servis ekibi ile yerli pazara %100 T\u00dcRK MALI jenerat\u00f6r \u00fcretmektedir.. .<\/em><\/p>\n\n\n\n<p>DKC TEKN\u0130K jenerat\u00f6r \u00fcretimini yapt\u0131\u011f\u0131 9 kva \u2013 1000 kva aras\u0131 t\u00fcm dizel jenerat\u00f6rlerine komple set olarak 2 ( iki ) y\u0131l veya 1000 ( bin ) saat garanti vermektedir. Ayr\u0131ca t\u00fcm yedek par\u00e7alara da 10 y\u0131l boyunca garanti vermektedir. Firmam\u0131z g\u00fc\u00e7 tespiti, yerinde montaj, ke\u015fif hizmetlerini deneyimli kadrosu ile \u00fccretsiz olarak yerine getirmektedir. DKC TEKN\u0130K Jenerat\u00f6r t\u00fcm T\u00fcrkiye de ki servis noktalar\u0131 ile sat\u0131\u015f sonras\u0131 hizmetlerini profesyonel bir \u015fekilde kar\u015f\u0131lay\u0131p, satm\u0131\u015f oldu\u011fu t\u00fcm jenerat\u00f6rlerin arkas\u0131nda g\u00fcvenle durmaktad\u0131r. DKC TEKN\u0130K Jenerat\u00f6r \u00fcretmi\u015f oldu\u011fu t\u00fcm jenerat\u00f6rleri \u00fcretim alan\u0131ndaki profesyonel kadrosu ile g\u00fcn\u00fcm\u00fcz \u015fartlar\u0131na en uygun test \u015fartlar\u0131na g\u00f6re test edip kalite kontrollerini yapmaktad\u0131r, firmam\u0131zdan ald\u0131\u011f\u0131n\u0131z her jenerat\u00f6rde garanti belgesi ile onayl\u0131 test raporlar\u0131 teslim edilmektedir.<\/p>\n\n\n\n<p><\/p>\n","protected":false},"excerpt":{"rendered":"<p>2012 Y\u0131l\u0131nda temelleri at\u0131lan firmam\u0131z jenerat\u00f6r imalat\u0131nda m\u00fc\u015fteri memnuniyetini \u00f6n planda tutarak yoluna emin ad\u0131mlarla devam etmektedir. Dizel Jenerat\u00f6r \u00fcretim, sat\u0131\u015f ve servisini yapan firmam\u0131z dinamik, tecr\u00fcbeli \u00fcretim kadrosu, konusunda uzman, iyi yeti\u015fmi\u015f sat\u0131\u015f ve servis ekibi ile yerli pazara %100 T\u00dcRK MALI jenerat\u00f6r \u00fcretmektedir.. . DKC TEKN\u0130K jenerat\u00f6r \u00fcretimini yapt\u0131\u011f\u0131 9 kva \u2013 1000 [&hellip;]<\/p>\n","protected":false},"author":1,"featured_media":0,"parent":0,"menu_order":0,"comment_status":"closed","ping_status":"closed","template":"","meta":[],"_links":{"self":[{"href":"https:\/\/www.dkcjenerator.com\/index.php?rest_route=\/wp\/v2\/pages\/61"}],"collection":[{"href":"https:\/\/www.dkcjenerator.com\/index.php?rest_route=\/wp\/v2\/pages"}],"about":[{"href":"https:\/\/www.dkcjenerator.com\/index.php?rest_route=\/wp\/v2\/types\/page"}],"author":[{"embeddable":true,"href":"https:\/\/www.dkcjenerator.com\/index.php?rest_route=\/wp\/v2\/users\/1"}],"replies":[{"embeddable":true,"href":"https:\/\/www.dkcjenerator.com\/index.php?rest_route=%2Fwp%2Fv2%2Fcomments&post=61"}],"version-history":[{"count":2,"href":"https:\/\/www.dkcjenerator.com\/index.php?rest_route=\/wp\/v2\/pages\/61\/revisions"}],"predecessor-version":[{"id":95,"href":"https:\/\/www.dkcjenerator.com\/index.php?rest_route=\/wp\/v2\/pages\/61\/revisions\/95"}],"wp:attachment":[{"href":"https:\/\/www.dkcjenerator.com\/index.php?rest_route=%2Fwp%2Fv2%2Fmedia&parent=61"}],"curies":[{"name":"wp","href":"https:\/\/api.w.org\/{rel}","templated":true}]}}